{"id":1007,"date":"2023-10-29T19:22:15","date_gmt":"2023-10-29T19:22:15","guid":{"rendered":"http:\/\/www.auxcostumesdantan.fr\/?page_id=1007"},"modified":"2024-11-04T18:10:27","modified_gmt":"2024-11-04T18:10:27","slug":"costume-18eme-garcon","status":"publish","type":"page","link":"http:\/\/www.auxcostumesdantan.fr\/?page_id=1007","title":{"rendered":"Costumes 18\u00e8me si\u00e8cle gar\u00e7on"},"content":{"rendered":"\n\n\nLe petit marquis\n\n01 VEG 18\u00e8me\n<font style=\"vertical-align: inherit;\"><font style=\"vertical-align: inherit;\">1 pantacourt<\/font><\/font>\n<p>1 gilet<\/p>\n<p>1 chemise<\/p>\n<font style=\"vertical-align: inherit;\"><font style=\"vertical-align: inherit;\"><font style=\"vertical-align: inherit;\"><font style=\"vertical-align: inherit;\">1 manteau<\/font><\/font><\/font><\/font>\n<font style=\"vertical-align: inherit;\"><font style=\"vertical-align: inherit;\"><font style=\"vertical-align: inherit;\"><font style=\"vertical-align: inherit;\"><font style=\"vertical-align: inherit;\"><font style=\"vertical-align: inherit;\">Taille 4 ans<\/font><\/font><\/font><\/font><\/font><\/font>\n<p><font style=\"vertical-align: inherit;\"><font style=\"vertical-align: inherit;\">Prix \u200b\u200b60 \u20ac<\/font><\/font><\/p>\n<p><br><\/p>\n<p><br><\/p>\n<p><br><\/p>\n\n\nL&rsquo;\u00e9cureuil\n\n02 VEG 18\u00e8me\n<font style=\"vertical-align: inherit;\"><font style=\"vertical-align: inherit;\">1 pantacourt<\/font><\/font>\n<font style=\"vertical-align: inherit;\"><font style=\"vertical-align: inherit;\"> 1 chemise + j jabot<\/font><\/font>\n<p><font style=\"vertical-align: inherit;\"><font style=\"vertical-align: inherit;\">&nbsp;1 gilet<\/font><\/font><\/p>\n<p>1 manteau<\/p>\n<p><font style=\"vertical-align: inherit;\"><font style=\"vertical-align: inherit;\"><font style=\"vertical-align: inherit;\"><font style=\"vertical-align: inherit;\">Taille 6 ans<\/font><\/font><\/font><\/font><\/p>\n<p><font style=\"vertical-align: inherit;\"><font style=\"vertical-align: inherit;\"><font style=\"vertical-align: inherit;\"><font style=\"vertical-align: inherit;\">Prix 60\u20ac<\/font><\/font><\/font><\/font><\/p>\n\n\n03 VEG\n\n<p><br><\/p>\n\n\n04 VEG\n\n\n\n","protected":false},"excerpt":{"rendered":"","protected":false},"author":3,"featured_media":0,"parent":0,"menu_order":0,"comment_status":"closed","ping_status":"closed","template":"","meta":{"footnotes":""},"class_list":["post-1007","page","type-page","status-publish","hentry"],"_links":{"self":[{"href":"http:\/\/www.auxcostumesdantan.fr\/index.php?rest_route=\/wp\/v2\/pages\/1007","targetHints":{"allow":["GET"]}}],"collection":[{"href":"http:\/\/www.auxcostumesdantan.fr\/index.php?rest_route=\/wp\/v2\/pages"}],"about":[{"href":"http:\/\/www.auxcostumesdantan.fr\/index.php?rest_route=\/wp\/v2\/types\/page"}],"author":[{"embeddable":true,"href":"http:\/\/www.auxcostumesdantan.fr\/index.php?rest_route=\/wp\/v2\/users\/3"}],"replies":[{"embeddable":true,"href":"http:\/\/www.auxcostumesdantan.fr\/index.php?rest_route=%2Fwp%2Fv2%2Fcomments&post=1007"}],"version-history":[{"count":10,"href":"http:\/\/www.auxcostumesdantan.fr\/index.php?rest_route=\/wp\/v2\/pages\/1007\/revisions"}],"predecessor-version":[{"id":1393,"href":"http:\/\/www.auxcostumesdantan.fr\/index.php?rest_route=\/wp\/v2\/pages\/1007\/revisions\/1393"}],"wp:attachment":[{"href":"http:\/\/www.auxcostumesdantan.fr\/index.php?rest_route=%2Fwp%2Fv2%2Fmedia&parent=1007"}],"curies":[{"name":"wp","href":"https:\/\/api.w.org\/{rel}","templated":true}]}}